{"id":375,"date":"2021-02-21T11:10:44","date_gmt":"2021-02-21T10:10:44","guid":{"rendered":"https:\/\/djinnyvincent.com\/?page_id=375"},"modified":"2022-08-22T19:17:45","modified_gmt":"2022-08-22T17:17:45","slug":"liens-amis-ou-de-ceux-qui-minspirent-aussi","status":"publish","type":"page","link":"https:\/\/djinnyvincent.com\/?page_id=375","title":{"rendered":"Liens amis ( ou de ceux qui m&#8217;inspirent aussi)"},"content":{"rendered":"\n<figure class=\"wp-block-image size-large\"><img loading=\"lazy\" decoding=\"async\" width=\"1024\" height=\"768\" src=\"https:\/\/djinnyvincent.com\/wp-content\/uploads\/2021\/02\/IMG_20210221_135247-1024x768.jpg\" alt=\"\" class=\"wp-image-393\" srcset=\"https:\/\/djinnyvincent.com\/wp-content\/uploads\/2021\/02\/IMG_20210221_135247-1024x768.jpg 1024w, https:\/\/djinnyvincent.com\/wp-content\/uploads\/2021\/02\/IMG_20210221_135247-300x225.jpg 300w, https:\/\/djinnyvincent.com\/wp-content\/uploads\/2021\/02\/IMG_20210221_135247-768x576.jpg 768w, https:\/\/djinnyvincent.com\/wp-content\/uploads\/2021\/02\/IMG_20210221_135247-1536x1152.jpg 1536w, https:\/\/djinnyvincent.com\/wp-content\/uploads\/2021\/02\/IMG_20210221_135247-2048x1536.jpg 2048w\" sizes=\"auto, (max-width: 1024px) 100vw, 1024px\" \/><\/figure>\n\n\n\n<p class=\"has-drop-cap\">Parce qu&#8217;\u00e9crire, c&#8217;est  surtout une histoire de rencontre et de partage, voici une liste de site de site qui font partie de mon univers ( jeunesse ou litt\u00e9raire tout simplement ) <\/p>\n\n\n\n<p><\/p>\n\n\n\n<p><\/p>\n\n\n\n<p><\/p>\n\n\n\n<p><\/p>\n\n\n\n<p><\/p>\n\n\n\n<p><strong>Les personnes, artistes, associations et librairies<\/strong> :<\/p>\n\n\n\n<p class=\"has-text-align-left\">Association ballade philosophique sur les rivages palavasiens <a href=\"http:\/\/philosopher-sur-les-rivages-palavasiens.over-blog.com\/\" target=\"_blank\" rel=\"noreferrer noopener\">http:\/\/philosopher-sur-les-rivages-palavasiens.over-blog.com\/<\/a><\/p>\n\n\n\n<p>Blog de Michel Th\u00e9ron <a href=\"http:\/\/www.michel-theron.fr\/\" target=\"_blank\" rel=\"noreferrer noopener\">http:\/\/www.michel-theron.fr\/<\/a><\/p>\n\n\n\n<p>Blog de Jean-Jacques Fland\u00e9 et sa remarquable fiction &#8220;Matahi &#8221; : <a href=\"https:\/\/www.entre2brises.fr\/\" target=\"_blank\" rel=\"noreferrer noopener\">https:\/\/www.entre2brises.fr\/<\/a><\/p>\n\n\n\n<p>Blog de Lambert Savigneux  ( po\u00e9sie et peinture) :<a href=\"https:\/\/aloredelam.com\" target=\"_blank\" rel=\"noreferrer noopener\">https:\/\/aloredelam.com<\/a> <\/p>\n\n\n\n<p>Librairie Catygor <a href=\"https:\/\/www.occitanielivre.fr\/annuaire\/catygor\" target=\"_blank\" rel=\"noreferrer noopener\">https:\/\/www.occitanielivre.fr\/annuaire\/catygor<\/a><\/p>\n\n\n\n<p>Site de la correctrice-relectrice professionnelle Marine Lombardi : <a href=\"https:\/\/www.marinacorrections.com\/\" target=\"_blank\" rel=\"noreferrer noopener\">https:\/\/www.marinacorrections.com\/<\/a><\/p>\n\n\n\n<p>Site de l&#8217;illustratrice Sophie Brodin : <a href=\"http:\/\/www.sophiebrodin.com\/\" target=\"_blank\" rel=\"noreferrer noopener\">http:\/\/www.sophiebrodin.com\/<\/a><\/p>\n\n\n\n<p>Site de l&#8217;autrice Dominique Barte ( fiction historique aventure, jeunesse): <a href=\"https:\/\/dominiquebarte.fr\/\" target=\"_blank\" rel=\"noreferrer noopener\">https:\/\/dominiquebarte.fr\/<\/a><\/p>\n\n\n\n<p><strong>Litt\u00e9rature Jeunesse <\/strong><\/p>\n\n\n\n<p>\u00c9ditions Courtes et Longues<a href=\"https:\/\/www.cleditions.com\/\" target=\"_blank\" rel=\"noreferrer noopener\">https:\/\/www.cleditions.com\/<\/a> <\/p>\n\n\n\n<p>Editions Colin Maillard : <a href=\"https:\/\/www.editionscolinmaillard.com\/\" target=\"_blank\" rel=\"noreferrer noopener\"> https:\/\/www.editionscolinmaillard.com\/<\/a><\/p>\n\n\n\n<p>\u00c9ditions Kal\u00e9idoscope <a href=\"https:\/\/www.editions-kaleidoscope.com\/\" target=\"_blank\" rel=\"noreferrer noopener\">https:\/\/www.editions-kaleidoscope.com\/<\/a><\/p>\n\n\n\n<p>\u00c9ditions  le Diplodocus  <a href=\"http:\/\/www.le-diplodocus.fr\/\" target=\"_blank\" rel=\"noreferrer noopener\">http:\/\/www.le-diplodocus.fr\/<\/a><\/p>\n\n\n\n<p>\u00c9ditions de l&#8217;\u00e9lan vert : <a href=\"https:\/\/www.elanvert.fr\/\" target=\"_blank\" rel=\"noreferrer noopener\">https:\/\/www.elanvert.fr\/<\/a><\/p>\n\n\n\n<p>\u00c9ditions Les grandes personnes  <a href=\"https:\/\/www.editionsdesgrandespersonnes.com\/tout-voir\/\" target=\"_blank\" rel=\"noreferrer noopener\">https:\/\/www.editionsdesgrandespersonnes.com\/tout-voir\/<\/a><\/p>\n\n\n\n<p>\u00c9ditions  Lirabelle <a href=\"https:\/\/www.lirabelle.fr\/\" target=\"_blank\" rel=\"noreferrer noopener\">https:\/\/www.lirabelle.fr\/<\/a><\/p>\n\n\n\n<p>R\u00e9seau des librairies sorci\u00e8res : <a href=\"http:\/\/librairies-sorcieres.blogspot.com\/\" target=\"_blank\" rel=\"noreferrer noopener\">http:\/\/librairies-sorcieres.blogspot.com\/<\/a><\/p>\n\n\n\n<p>Salon du livre et de la presse jeunesse de Montreuil  ( univers \u00e9largit)<\/p>\n\n\n\n<p><a href=\"https:\/\/slpjplus.fr\/salon\/\" target=\"_blank\" rel=\"noreferrer noopener\">Salon du livre jeunesse de Montreuil<\/a><\/p>\n\n\n\n<p>Festival du Salon du livre jeunesse Occitanie <a href=\"https:\/\/festival-livre-jeunesse.fr\/2021\/\" target=\"_blank\" rel=\"noreferrer noopener\">https:\/\/festival-livre-jeunesse.fr\/2021\/<\/a><\/p>\n\n\n\n<p>Salon du livre jeunesse de Tarbes, organis\u00e9 par la dynamique association culture pyren\u00e9es:  <a href=\"https:\/\/assoculturepyrenees.fr\/\" target=\"_blank\" rel=\"noreferrer noopener\"> https:\/\/assoculturepyrenees.fr\/<\/a><\/p>\n\n\n\n<p><strong>Litt\u00e9rature G\u00e9n\u00e9rale  :<\/strong><\/p>\n\n\n\n<p>Maison  d\u2019\u00c9dition gardoise  le diable vauvert : <a href=\"https:\/\/audiable.com\/\" target=\"_blank\" rel=\"noreferrer noopener\">https:\/\/audiable.com\/<\/a><\/p>\n\n\n\n<p>Occitanie Livres et lectures <a href=\"https:\/\/www.occitanielivre.fr\/\" target=\"_blank\" rel=\"noreferrer noopener\">https:\/\/www.occitanielivre.fr\/<\/a><\/p>\n\n\n\n<p>Les nouvelles du magazine Reticules :<a href=\"http:\/\/reticule.fr\/2020\/02\/reticule-le-manifeste\/\" target=\"_blank\" rel=\"noreferrer noopener\">http:\/\/reticule.fr\/2020\/02\/reticule-le-manifeste\/<\/a><\/p>\n\n\n\n<p>Rencontre litt\u00e9raire en distanciel , ouvert \u00e0 tous, avec la super \u00e9quipe des vleel : <a href=\"https:\/\/vleel.com\/\" target=\"_blank\" rel=\"noreferrer noopener\">https:\/\/vleel.com\/<\/a><\/p>\n\n\n\n<p><strong>Litt\u00e9rature de l&#8217;imaginaire:<\/strong><\/p>\n\n\n\n<p>Blog de Jean-S\u00e9bastien Guillermou , auteur chez Bragelonne : <a href=\"https:\/\/escroc-griffe.com\/\" target=\"_blank\" rel=\"noreferrer noopener\">https:\/\/escroc-griffe.com<\/a><\/p>\n\n\n\n<p>Nouvelle revue l\u00e9gende  la revue des mondes et merveilles SFFF :<a href=\"https:\/\/revuelegende.wordpress.com\/\" target=\"_blank\" rel=\"noreferrer noopener\">https:\/\/revuelegende.wordpress.com\/<\/a><\/p>\n\n\n\n<p>Les intergalactiques : festival de SF \u00e0 Lyon  : <a href=\"https:\/\/intergalactiques.net\/\" target=\"_blank\" rel=\"noreferrer noopener\">https:\/\/intergalactiques.net\/<\/a><\/p>\n\n\n\n<p><strong>M\u00e9dias :<\/strong><\/p>\n\n\n\n<p>Delta-fm terre de camargue : <a href=\"http:\/\/www.delta-fm.com\/\" target=\"_blank\" rel=\"noreferrer noopener\">http:\/\/www.delta-fm.com\/<\/a><\/p>\n\n\n\n<p>Midi-libre <a href=\"https:\/\/www.midilibre.fr\/\" target=\"_blank\" rel=\"noreferrer noopener\">https:\/\/www.midilibre.fr\/<\/a><\/p>\n\n\n\n<p>La Marseillaise <a href=\"https:\/\/www.lamarseillaise.fr\/\" target=\"_blank\" rel=\"noreferrer noopener\">https:\/\/www.lamarseillaise.fr\/<\/a><\/p>\n\n\n\n<p>Love sister ( Webtv) <a href=\"https:\/\/www.lovesisters.tv\/\" target=\"_blank\" rel=\"noreferrer noopener\">https:\/\/www.lovesisters.tv\/<\/a><\/p>\n\n\n\n<p>Radio Fm-plus( montpellier)  <a href=\"https:\/\/www.radiofmplus.org\/\" target=\"_blank\" rel=\"noreferrer noopener\">https:\/\/www.radiofmplus.org\/<\/a><\/p>\n\n\n\n<p>Le blog de Mariel Murigneux :https:\/\/www.mariel-murigneux.com<\/p>\n\n\n\n<p>Blog les enqu\u00eates de Mamie : Salon virtuel et d\u00e9couvreuse de talents : <a href=\"https:\/\/www.lesenquetesdemamie.com\/\">https:\/\/www.lesenquetesdemamie.com\/<\/a><\/p>\n\n\n\n<p><strong>M\u00e9diath\u00e8ques et Espace Culturel :<\/strong><\/p>\n\n\n\n<p>Biblioth\u00e8que de Saint Br\u00e8s (34)<\/p>\n\n\n\n<p>M\u00e9diath\u00e8que terre de Camargue (30) : <a href=\"http:\/\/www.terredecamargue.fr\/vivre\/culture\/bibliotheques-en-reseau\/\" target=\"_blank\" rel=\"noreferrer noopener\">http:\/\/www.terredecamargue.fr\/vivre\/culture\/bibliotheques-en-reseau\/<\/a><\/p>\n\n\n\n<p>M\u00e9diath\u00e8ques et biblioth\u00e8ques du pays de Lunel(34) <a href=\"https:\/\/mediatheques.paysdelunel.fr\/\" target=\"_blank\" rel=\"noreferrer noopener\">https:\/\/mediatheques.paysdelunel.fr\/<\/a><\/p>\n\n\n\n<p>Espace culturel  puzzle Thionville (57)  <a href=\"https:\/\/puzzle.thionville.fr\/fr\" target=\"_blank\" rel=\"noreferrer noopener\">https:\/\/puzzle.thionville.fr\/fr<\/a><\/p>\n\n\n\n<p><\/p>\n\n\n\n<p><strong>Appels \u00e0 textes : <\/strong><\/p>\n\n\n\n<p> Concours de nouvelles.com ( r\u00e9pertorie une tr\u00e8s grande partie des concours ) <a href=\"https:\/\/www.concoursnouvelles.com\/\" target=\"_blank\" rel=\"noreferrer noopener\">https:\/\/www.concoursnouvelles.com\/<\/a><\/p>\n\n\n\n<p>Le coin des appels \u00e0 textes ( concours de nouvelles,  appel \u00e0 textes , appels \u00e0 manuscrits ..) <a href=\"https:\/\/www.lecoindesat.fr\/\" target=\"_blank\" rel=\"noreferrer noopener\">https:\/\/www.lecoindesat.fr\/<\/a><\/p>\n\n\n\n<p><\/p>\n","protected":false},"excerpt":{"rendered":"<p>Parce qu&#8217;\u00e9crire, c&#8217;est surtout une histoire de rencontre et de partage, voici une liste de site de site qui font partie de mon univers ( jeunesse ou litt\u00e9raire tout simplement ) Les personnes, artistes, associations et librairies : Association ballade philosophique sur les rivages palavasiens http:\/\/philosopher-sur-les-rivages-palavasiens.over-blog.com\/ Blog de Michel Th\u00e9ron&#8230; <a class=\"continue-reading-link\" href=\"https:\/\/djinnyvincent.com\/?page_id=375\"> Continue reading <span class=\"meta-nav\">&rarr; <\/span><\/a><\/p>\n","protected":false},"author":1,"featured_media":393,"parent":0,"menu_order":0,"comment_status":"closed","ping_status":"closed","template":"","meta":{"_mi_skip_tracking":false,"_monsterinsights_sitenote_active":false,"_monsterinsights_sitenote_note":"","_monsterinsights_sitenote_category":0,"footnotes":""},"class_list":["post-375","page","type-page","status-publish","has-post-thumbnail","hentry"],"yoast_head":"<!-- This site is optimized with the Yoast SEO plugin v24.3 - https:\/\/yoast.com\/wordpress\/plugins\/seo\/ -->\n<title>Liens amis ( ou de ceux qui m&#039;inspirent aussi) | Djinny Vincent - Autrice en Camargue<\/title>\n<meta name=\"robots\" content=\"index, follow, max-snippet:-1, max-image-preview:large, max-video-preview:-1\" \/>\n<link rel=\"canonical\" href=\"https:\/\/djinnyvincent.com\/?page_id=375\" \/>\n<meta property=\"og:locale\" content=\"fr_FR\" \/>\n<meta property=\"og:type\" content=\"article\" \/>\n<meta property=\"og:title\" content=\"Liens amis ( ou de ceux qui m&#039;inspirent aussi) | Djinny Vincent - Autrice en Camargue\" \/>\n<meta property=\"og:description\" content=\"Parce qu&#8217;\u00e9crire, c&#8217;est surtout une histoire de rencontre et de partage, voici une liste de site de site qui font partie de mon univers ( jeunesse ou litt\u00e9raire tout simplement ) Les personnes, artistes, associations et librairies : Association ballade philosophique sur les rivages palavasiens http:\/\/philosopher-sur-les-rivages-palavasiens.over-blog.com\/ Blog de Michel Th\u00e9ron... Continue reading &rarr;\" \/>\n<meta property=\"og:url\" content=\"https:\/\/djinnyvincent.com\/?page_id=375\" \/>\n<meta property=\"og:site_name\" content=\"Djinny Vincent - Autrice en Camargue\" \/>\n<meta property=\"article:modified_time\" content=\"2022-08-22T17:17:45+00:00\" \/>\n<meta property=\"og:image\" content=\"https:\/\/djinnyvincent.com\/wp-content\/uploads\/2021\/02\/IMG_20210221_135247-scaled.jpg\" \/>\n\t<meta property=\"og:image:width\" content=\"2560\" \/>\n\t<meta property=\"og:image:height\" content=\"1920\" \/>\n\t<meta property=\"og:image:type\" content=\"image\/jpeg\" \/>\n<meta name=\"twitter:card\" content=\"summary_large_image\" \/>\n<meta name=\"twitter:label1\" content=\"Dur\u00e9e de lecture estim\u00e9e\" \/>\n\t<meta name=\"twitter:data1\" content=\"2 minutes\" \/>\n<script type=\"application\/ld+json\" class=\"yoast-schema-graph\">{\"@context\":\"https:\/\/schema.org\",\"@graph\":[{\"@type\":\"WebPage\",\"@id\":\"https:\/\/djinnyvincent.com\/?page_id=375\",\"url\":\"https:\/\/djinnyvincent.com\/?page_id=375\",\"name\":\"Liens amis ( ou de ceux qui m'inspirent aussi) | Djinny Vincent - Autrice en Camargue\",\"isPartOf\":{\"@id\":\"https:\/\/djinnyvincent.com\/#website\"},\"primaryImageOfPage\":{\"@id\":\"https:\/\/djinnyvincent.com\/?page_id=375#primaryimage\"},\"image\":{\"@id\":\"https:\/\/djinnyvincent.com\/?page_id=375#primaryimage\"},\"thumbnailUrl\":\"https:\/\/djinnyvincent.com\/wp-content\/uploads\/2021\/02\/IMG_20210221_135247-scaled.jpg\",\"datePublished\":\"2021-02-21T10:10:44+00:00\",\"dateModified\":\"2022-08-22T17:17:45+00:00\",\"breadcrumb\":{\"@id\":\"https:\/\/djinnyvincent.com\/?page_id=375#breadcrumb\"},\"inLanguage\":\"fr-FR\",\"potentialAction\":[{\"@type\":\"ReadAction\",\"target\":[\"https:\/\/djinnyvincent.com\/?page_id=375\"]}]},{\"@type\":\"ImageObject\",\"inLanguage\":\"fr-FR\",\"@id\":\"https:\/\/djinnyvincent.com\/?page_id=375#primaryimage\",\"url\":\"https:\/\/djinnyvincent.com\/wp-content\/uploads\/2021\/02\/IMG_20210221_135247-scaled.jpg\",\"contentUrl\":\"https:\/\/djinnyvincent.com\/wp-content\/uploads\/2021\/02\/IMG_20210221_135247-scaled.jpg\",\"width\":2560,\"height\":1920},{\"@type\":\"BreadcrumbList\",\"@id\":\"https:\/\/djinnyvincent.com\/?page_id=375#breadcrumb\",\"itemListElement\":[{\"@type\":\"ListItem\",\"position\":1,\"name\":\"le blog de Djinny Vincent, Auteure jeunesse\",\"item\":\"https:\/\/djinnyvincent.com\/\"},{\"@type\":\"ListItem\",\"position\":2,\"name\":\"Liens amis ( ou de ceux qui m&#8217;inspirent aussi)\"}]},{\"@type\":\"WebSite\",\"@id\":\"https:\/\/djinnyvincent.com\/#website\",\"url\":\"https:\/\/djinnyvincent.com\/\",\"name\":\"Djinny Vincent -La Bottle \u00e0 djinny\",\"description\":\"les univers de Djinny et Gina VINCENT\",\"publisher\":{\"@id\":\"https:\/\/djinnyvincent.com\/#\/schema\/person\/b3917880bd36ddee1022650a1bdde38e\"},\"potentialAction\":[{\"@type\":\"SearchAction\",\"target\":{\"@type\":\"EntryPoint\",\"urlTemplate\":\"https:\/\/djinnyvincent.com\/?s={search_term_string}\"},\"query-input\":{\"@type\":\"PropertyValueSpecification\",\"valueRequired\":true,\"valueName\":\"search_term_string\"}}],\"inLanguage\":\"fr-FR\"},{\"@type\":[\"Person\",\"Organization\"],\"@id\":\"https:\/\/djinnyvincent.com\/#\/schema\/person\/b3917880bd36ddee1022650a1bdde38e\",\"name\":\"Djinny\",\"image\":{\"@type\":\"ImageObject\",\"inLanguage\":\"fr-FR\",\"@id\":\"https:\/\/djinnyvincent.com\/#\/schema\/person\/image\/\",\"url\":\"https:\/\/secure.gravatar.com\/avatar\/5ffdf20b7839524a7ae741457e92b9c4?s=96&d=monsterid&r=g\",\"contentUrl\":\"https:\/\/secure.gravatar.com\/avatar\/5ffdf20b7839524a7ae741457e92b9c4?s=96&d=monsterid&r=g\",\"caption\":\"Djinny\"},\"logo\":{\"@id\":\"https:\/\/djinnyvincent.com\/#\/schema\/person\/image\/\"},\"sameAs\":[\"http:\/\/djinnyvincent.com\"]}]}<\/script>\n<!-- \/ Yoast SEO plugin. -->","yoast_head_json":{"title":"Liens amis ( ou de ceux qui m'inspirent aussi) | Djinny Vincent - Autrice en Camargue","robots":{"index":"index","follow":"follow","max-snippet":"max-snippet:-1","max-image-preview":"max-image-preview:large","max-video-preview":"max-video-preview:-1"},"canonical":"https:\/\/djinnyvincent.com\/?page_id=375","og_locale":"fr_FR","og_type":"article","og_title":"Liens amis ( ou de ceux qui m'inspirent aussi) | Djinny Vincent - Autrice en Camargue","og_description":"Parce qu&#8217;\u00e9crire, c&#8217;est surtout une histoire de rencontre et de partage, voici une liste de site de site qui font partie de mon univers ( jeunesse ou litt\u00e9raire tout simplement ) Les personnes, artistes, associations et librairies : Association ballade philosophique sur les rivages palavasiens http:\/\/philosopher-sur-les-rivages-palavasiens.over-blog.com\/ Blog de Michel Th\u00e9ron... Continue reading &rarr;","og_url":"https:\/\/djinnyvincent.com\/?page_id=375","og_site_name":"Djinny Vincent - Autrice en Camargue","article_modified_time":"2022-08-22T17:17:45+00:00","og_image":[{"width":2560,"height":1920,"url":"https:\/\/djinnyvincent.com\/wp-content\/uploads\/2021\/02\/IMG_20210221_135247-scaled.jpg","type":"image\/jpeg"}],"twitter_card":"summary_large_image","twitter_misc":{"Dur\u00e9e de lecture estim\u00e9e":"2 minutes"},"schema":{"@context":"https:\/\/schema.org","@graph":[{"@type":"WebPage","@id":"https:\/\/djinnyvincent.com\/?page_id=375","url":"https:\/\/djinnyvincent.com\/?page_id=375","name":"Liens amis ( ou de ceux qui m'inspirent aussi) | Djinny Vincent - Autrice en Camargue","isPartOf":{"@id":"https:\/\/djinnyvincent.com\/#website"},"primaryImageOfPage":{"@id":"https:\/\/djinnyvincent.com\/?page_id=375#primaryimage"},"image":{"@id":"https:\/\/djinnyvincent.com\/?page_id=375#primaryimage"},"thumbnailUrl":"https:\/\/djinnyvincent.com\/wp-content\/uploads\/2021\/02\/IMG_20210221_135247-scaled.jpg","datePublished":"2021-02-21T10:10:44+00:00","dateModified":"2022-08-22T17:17:45+00:00","breadcrumb":{"@id":"https:\/\/djinnyvincent.com\/?page_id=375#breadcrumb"},"inLanguage":"fr-FR","potentialAction":[{"@type":"ReadAction","target":["https:\/\/djinnyvincent.com\/?page_id=375"]}]},{"@type":"ImageObject","inLanguage":"fr-FR","@id":"https:\/\/djinnyvincent.com\/?page_id=375#primaryimage","url":"https:\/\/djinnyvincent.com\/wp-content\/uploads\/2021\/02\/IMG_20210221_135247-scaled.jpg","contentUrl":"https:\/\/djinnyvincent.com\/wp-content\/uploads\/2021\/02\/IMG_20210221_135247-scaled.jpg","width":2560,"height":1920},{"@type":"BreadcrumbList","@id":"https:\/\/djinnyvincent.com\/?page_id=375#breadcrumb","itemListElement":[{"@type":"ListItem","position":1,"name":"le blog de Djinny Vincent, Auteure jeunesse","item":"https:\/\/djinnyvincent.com\/"},{"@type":"ListItem","position":2,"name":"Liens amis ( ou de ceux qui m&#8217;inspirent aussi)"}]},{"@type":"WebSite","@id":"https:\/\/djinnyvincent.com\/#website","url":"https:\/\/djinnyvincent.com\/","name":"Djinny Vincent -La Bottle \u00e0 djinny","description":"les univers de Djinny et Gina VINCENT","publisher":{"@id":"https:\/\/djinnyvincent.com\/#\/schema\/person\/b3917880bd36ddee1022650a1bdde38e"},"potentialAction":[{"@type":"SearchAction","target":{"@type":"EntryPoint","urlTemplate":"https:\/\/djinnyvincent.com\/?s={search_term_string}"},"query-input":{"@type":"PropertyValueSpecification","valueRequired":true,"valueName":"search_term_string"}}],"inLanguage":"fr-FR"},{"@type":["Person","Organization"],"@id":"https:\/\/djinnyvincent.com\/#\/schema\/person\/b3917880bd36ddee1022650a1bdde38e","name":"Djinny","image":{"@type":"ImageObject","inLanguage":"fr-FR","@id":"https:\/\/djinnyvincent.com\/#\/schema\/person\/image\/","url":"https:\/\/secure.gravatar.com\/avatar\/5ffdf20b7839524a7ae741457e92b9c4?s=96&d=monsterid&r=g","contentUrl":"https:\/\/secure.gravatar.com\/avatar\/5ffdf20b7839524a7ae741457e92b9c4?s=96&d=monsterid&r=g","caption":"Djinny"},"logo":{"@id":"https:\/\/djinnyvincent.com\/#\/schema\/person\/image\/"},"sameAs":["http:\/\/djinnyvincent.com"]}]}},"_links":{"self":[{"href":"https:\/\/djinnyvincent.com\/index.php?rest_route=\/wp\/v2\/pages\/375","targetHints":{"allow":["GET"]}}],"collection":[{"href":"https:\/\/djinnyvincent.com\/index.php?rest_route=\/wp\/v2\/pages"}],"about":[{"href":"https:\/\/djinnyvincent.com\/index.php?rest_route=\/wp\/v2\/types\/page"}],"author":[{"embeddable":true,"href":"https:\/\/djinnyvincent.com\/index.php?rest_route=\/wp\/v2\/users\/1"}],"replies":[{"embeddable":true,"href":"https:\/\/djinnyvincent.com\/index.php?rest_route=%2Fwp%2Fv2%2Fcomments&post=375"}],"version-history":[{"count":28,"href":"https:\/\/djinnyvincent.com\/index.php?rest_route=\/wp\/v2\/pages\/375\/revisions"}],"predecessor-version":[{"id":3386,"href":"https:\/\/djinnyvincent.com\/index.php?rest_route=\/wp\/v2\/pages\/375\/revisions\/3386"}],"wp:featuredmedia":[{"embeddable":true,"href":"https:\/\/djinnyvincent.com\/index.php?rest_route=\/wp\/v2\/media\/393"}],"wp:attachment":[{"href":"https:\/\/djinnyvincent.com\/index.php?rest_route=%2Fwp%2Fv2%2Fmedia&parent=375"}],"curies":[{"name":"wp","href":"https:\/\/api.w.org\/{rel}","templated":true}]}}